git of r?
2
Suppose 4*t + t = 0. Suppose -w + 0*w - 8 = -2*y, 3*y + 3*w - 12 = t. Let l = y + -1. What is the units digit of l?
3
Suppose 0 = -0*h - 4*h. Suppose -2*w + w = h. Let i(v) = v + 7. What is the units digit of i(w)?
7
What is the units digit of 6/(-15) + 162/30?
5
What is the hundreds digit of 29*(-2 - -8) - (-39)/(-13)?
1
Let r be ((-33)/(-9))/((-1)/(-3)). Suppose 3*o = r + 13. What is the units digit of o?
8
Suppose 0 = -3*j - 2*j + 10. Suppose -6*s + 16 = -j*s. Suppose 3 = 4*t - 3*p - 1, -s*t + 4*p = 0. What is the units digit of t?
4
Suppose 0 = -4*w + 3 + 13. What is the units digit of w?
4
Let f(t) = t + 7. Let q be f(-3). Suppose 27 = -s - 5*a + 8, q*s - 2*a = -76. Let b = 29 + s. What is the units digit of b?
0
Let d be -1*6/(-1*2). Suppose d*b - 12 = 4*y + 15, -45 = -5*b - 5*y. What is the units digit of b?
9
Let r(y) = y**2 - 5*y + 3. Let d(f) = -f + 2. Let u be d(-3). Suppose -5*c + 2*h + h + 19 = 0, u = -c + 5*h. What is the units digit of r(c)?
3
Let f(o) = -o**2 + 12*o + 10. Let j be f(12). What is the units digit of ((-5)/j)/((-2)/24)?
6
Let l = -19 - -3. Let z be l/(-10) - 2/(-5). Suppose -z*v - 4*m - 6 = 0, -8*m - 25 = -3*m. What is the units digit of v?
7
Let r be (1 - 0) + 198/2. Let z be (0 - -2)*r/8. Let l = -17 + z. What is the units digit of l?
8
Suppose -5*v - g = -29, 5*v - g = -0*g + 21. What is the units digit of (-1)/v - 52/(-10)?
5
Let c(y) = 4*y**2 + y - 1. Let b be c(1). Let t = -3 + b. Suppose 2*p + 2*g - 23 = -g, -2*g - t = -p. What is the units digit of p?
7
Suppose -11 = -5*y - 6. What is the units digit of y?
1
Let v = -156 + 444. What is the tens digit of v?
8
Let k = -12 - -60. Suppose k = s + 3*s. What is the tens digit of s?
1
Suppose 38 = -b + 3*b. Let u = 32 - b. What is the tens digit of u?
1
Suppose 3*d + 12 = 0, 2*h - 2*d + 0*d + 38 = 0. Let i(u) = 2*u**3 - 4*u**2 - 2*u + 2. Let q be i(3). What is the units digit of (-4)/q + h/(-7)?
3
Let s = -5 - -8. Suppose s*f + 2 = 47. Let p = f + -5. What is the units digit of p?
0
Let o be 9/6 - (-2)/4. Let y = o + 1. What is the units digit of y?
3
Let o be (-40)/28*(2 - 9). Suppose h - 4*x - 21 = 0, -3*h - h - 4*x - 16 = 0. Let g = h + o. What is the tens digit of g?
1
Let t(z) = z**3 + z**2 - z + 36. What is the units digit of t(0)?
6
Let b(u) = -5. Let f(a) = a + 16. Let n(q) = -7*b(q) - 2*f(q). What is the units digit of n(-3)?
9
Let z(j) be the second derivative of j**4/12 - 2*j**3/3 + 2*j**2 - j. Let y be z(4). Suppose 5*d - i = 10, 2*i - i + y = 3*d. What is the units digit of d?
3
Let j(x) = -6*x - 10. What is the tens digit of j(-12)?
6
Let s be 1/(819/204 + -4). Let u = s + -16. What is the tens digit of u?
5
Let t(w) = w**3 - 4*w**2 + 2*w + 5. What is the tens digit of t(5)?
4
Suppose 3*g - 3*f = 2*g + 80, -3*f = -5*g + 352. What is the tens digit of g?
6
Let k(a) = -a**3 + 6*a**2 + 5*a + 6. Let x be k(7). Let v be (-6)/4*x/6. Let l(z) = z**3 + 2*z**2 - 3*z + 2. What is the tens digit of l(v)?
1
Suppose -2*z = -7*z + 30. What is the units digit of z?
6
Suppose -18 - 22 = -5*p. Suppose -p = -g - 3*g. Suppose -g*v - 41 = -7*v + 4*a, -3 = -3*v - 3*a. What is the units digit of v?
5
Suppose 3*h - 2*r + 90 = 0, h - 5*r + 155 = -4*h. Let u = 51 + h. What is the units digit of u?
3
Suppose -3*r + 824 = 278. What is the hundreds digit of r?
1
What is the tens digit of ((-8)/(-5))/(1/15)?
2
Let f(t) = 172*t**2. Let p be f(1). Suppose 2*s = p - 38. Suppose -3*y + s = -z, z - 64 = -4*y - 4*z. What is the tens digit of y?
2
Suppose z - 392 = -4*x, -6*x = -7*x + 3*z + 85. What is the tens digit of x?
9
Let g be ((-14)/(-6))/(3/9). Suppose -g = -2*p + t + 4*t, 15 = 5*t. Let k = -7 + p. What is the units digit of k?
4
What is the tens digit of 128/6*(-18)/(-12)?
3
Suppose -n = a + 4, 2*n = -0*a - 5*a - 5. Let t be 9/(-5) - ((-7)/5)/(-7). What is the units digit of (t - -1)/a - -8?
7
Suppose 5*x + 3*o = -2, -o = 4*o + 20. Suppose u = -x*u + 51. What is the tens digit of u?
1
Suppose 4*s - 12 = -0*s. Suppose 0 = 5*i + 5*d, -3*i + 4*d + 12 = d. Let l = i + s. What is the units digit of l?
5
What is the units digit of 80 - ((-7)/(-2) - 1/2)?
7
Let r(z) = z - 10. Let j be r(8). Let n(p) be the first derivative of -3*p**4/4 - p**3/3 + p**2 + p - 2. What is the units digit of n(j)?
7
Let b(i) = i**3 - i + 1. Let u = 4 + -3. Let n(r) = -6*r**3 - r**2 + 2*r - 3. Let l(v) = u*n(v) + 3*b(v). What is the units digit of l(-1)?
3
Let n be ((-15)/6 - -2)*-28. Suppose -2*c + 3*o = 5*o - n, -o = 3*c - 17. Suppose c*u + 2*t = -1 + 29, -3*u + 5*t - 8 = 0. What is the units digit of u?
4
Let j be (1 + 0)*(0 - -2). Suppose -o + 10 = -j. What is the units digit of o?
2
Let d be (-34)/9 + (-2)/9. What is the units digit of 20/d*(0 - 1)?
5
Let z(c) = -c**3 - c**2 + 4*c. What is the units digit of z(-3)?
6
Suppose -5*b = -4*l - 190, -21 = 2*b + l - 97. What is the tens digit of b?
3
Let o(z) = z**2 + z - 5. Let u be o(-4). Let i = u + -3. Suppose 3*k - 17 = -4*g - i, g + 5 = 0. What is the tens digit of k?
1
Let f = 30 + -12. What is the units digit of (f + 0 - -2) + -3?
7
Let c = 0 + 3. Suppose 3*w - 48 = -5*d, c*w + 16 = -w. What is the units digit of d?
2
Let h(v) be the second derivative of -v**4/12 + v**3/6 + 2*v**2 - 2*v. Let p be h(0). Suppose 2*x = p*x - 40. What is the tens digit of x?
2
Let g(s) = s**3 - 4*s**2 + 5*s - 3. Let f be g(3). Let u = -2 - -2. Let m = f - u. What is the units digit of m?
3
Let f(r) = 4*r - 2. Let k be f(2). Let b(p) = 2*p**2 - 7*p + 3. What is the tens digit of b(k)?
3
Let q = 58 + -35. Let g = -9 + q. What is the tens digit of g?
1
What is the units digit of (50/4)/(1/2)?
5
Suppose -4*t - 2*x + 34 = 0, -7 - 30 = -4*t - x. Suppose -2*y - 6 = 0, -3*a = 2*y - 5 - t. What is the units digit of a?
7
Suppose 4*x + 16 = 3*c, -3*x - 2*c = -3 - 2. Let l(n) = -20*n. What is the units digit of l(x)?
0
Suppose 3 = -3*z, 4*c + 4*z + 124 = -0*c. Let y = -18 - c. What is the units digit of y?
2
Let o(i) = 4*i. Let p be o(-2). Let c = p - -13. Suppose c*d - 7 - 4 = -2*l, -9 = -4*l + 3*d. What is the units digit of l?
3
Suppose -4*m + 4*i + 144 = 0, -5*m - 4*i - i + 190 = 0. Suppose p + m = 3*p - 5*n, -5*p = 5*n - 5. What is the units digit of p?
6
Suppose -53 = -2*c - r, c = -0*r - 2*r + 34. Suppose q + 5*w + 22 = 0, 4 = -q + 5*w + 2. Let s = c + q. What is the units digit of s?
2
What is the tens digit of 204/(-9)*6/(-4)?
3
Let m = 5 + -7. Let n be (1/1)/(m/(-10)). Suppose -n*a + 5*y + 31 = 3*y, 0 = -3*a + y + 18. What is the units digit of a?
5
Let j be 1 + 1 + (-2 - -6). Let c = 8 - j. What is the units digit of c?
2
Let u be (-2)/7 + (-3965)/(-35). Suppose 51 = 4*a + 4*t - u, 4*a + 5*t = 168. What is the tens digit of a?
3
Suppose -3*l + 2*i + 546 = l, 2*l = 4*i + 282. What is the hundreds digit of l?
1
Let b(n) = -95*n - 1. What is the tens digit of b(-1)?
9
Let o(w) be the second derivative of 5*w**3/3 - w**2/2 - 2*w. What is the units digit of o(2)?
9
Let l(o) = -8*o**3 - 3*o**2 + o + 2. What is the units digit of l(-1)?
6
Let w(j) be the second derivative of 0 + 3/2*j**2 - j - 1/12*j**4 + 1/6*j**3. What is the units digit of w(0)?
3
Let q be 2 - 1 - -1*5. Suppose -x = -q*x + 65. What is the units digit of x?
3
Let i = 15 - -3. Suppose 4*t + 0*l + l = i, 12 = 2*t + 2*l. What is the units digit of t?
4
Suppose -5*t + 245 = -850. What is the tens digit of t?
1
Let o(r) = r**3 + 3*r**2 - 5*r - 3. Let d be o(-3). Let q = d + -7. What is the units digit of q?
5
Let z(b) = b**2 - 10*b + 5. Let v be z(10). Suppose -o - 2*o - v*w + 59 = 0, -2*w = -5*o + 88. What is the tens digit of o?
1
Let d(u) = u**3 + 5*u**2 + u + 12. What is the units digit of d(-5)?
7
Let c be (0 - 0)/(-3 + 0). Let n = 40 + -28. Suppose 4*p + n - 72 = c. What is the units digit of p?
5
Let f(d) be the second derivative of d**3/6 + d**2 - 3*d. Let z be 13/4 - (-2)/(-8). What is the units digit of f(z)?
5
Let i = -64 + 40. What is the units digit of (-58)/(-8) - (-6)/i?
7
Suppose 3*k = 6*k - 150. What is the tens digit of k?
5
Let s = -2 - -2. Suppose 4*d - 5*r - 13 = s, 3*d = -0*r - 3*r + 3. What is the units digit of d?
2
Let a be (4/3)/(3/(-9)). What is the units digit of a*(4 - -2)/(-3)?
8
Suppose 0 = -4*c + 4, 5*c - 160 - 61 = -4*r. What is the tens digit of r?
5
Let d = -22 